ose -5*t + 5*d + 20 = 0, -5*d - 2 = -3*t + 6. Let s be 2012/18 - t/(-27). Let x = s + -68. What are the prime factors of x?
2, 11
Let s(b) = 2*b**3 - 5*b**2 - 22*b - 17. Let v be s(9). Suppose 3*k + 3*y = 2454, 8*k = 7*k + 3*y + v. What are the prime factors of k?
823
Let v be (-3645)/(-99) + (-4)/(-22). Let t = -34 + v. Suppose 6 - 96 = -t*p. List the prime factors of p.
2, 3, 5
Let g(w) = -2*w**2 - 7*w. Let a be 3/(1*(4 + -5)). Let y be g(a). Suppose -i + 3*i - 33 = -y*x, 42 = 3*i - 3*x. List the prime factors of i.
3, 5
Suppose 3*d + 0*d = 5190. List the prime factors of d.
2, 5, 173
Suppose 14*b = -577 + 5519. Suppose 3*k = 3*a + 2030 - b, -555 = -k + 3*a. List the prime factors of k.
3, 11, 17
Let o be (-3)/(-1)*(-3)/((-18)/(-356)). Let g = -120 - o. What are the prime factors of g?
2, 29
Let r(g) = 103*g**2 - 23*g + 77. Let m be r(4). Let x = 2329 - m. What are the prime factors of x?
2, 3, 29
Suppose 113*n + 2 = i + 111*n, i + 10 = -2*n. List the prime factors of i/(-30) + (-326950)/(-375).
2, 109
Let u = 662 - 662. Suppose 6*x - 363 = -v + 4*x, u = v - x - 375. What are the prime factors of v?
7, 53
Let n(r) = 2083*r + 2117. What are the prime factors of n(15)?
2, 7, 2383
Suppose 0 = -7*u + 65494 - 15640. What are the prime factors of u?
2, 3, 1187
Suppose -z + 2*c - 6 = 0, 0 = -2*z - 4*c + 5 + 15. Suppose -z*y + 170 = -64. Let d = y - 67. What are the prime factors of d?
2, 5
Let a = -7159 + 20894. Suppose -6217 = -16*q + a. What are the prime factors of q?
29, 43
Suppose -19*p = 33*p - 22*p - 1099860. List the prime factors of p.
2, 23, 797
Suppose -2*p + 176 = -4*p. Let q = 41 + p. Let y = q - -165. What are the prime factors of y?
2, 59
Suppose -5*o = 3*r + 1282, -4*o + 3*o - 3*r - 266 = 0. Let d be o*((-10)/(-28) + (-12)/(-84)). Let p = -22 - d. What are the prime factors of p?
3, 5, 7
Let l(a) = 51 + 294*a - a**3 + 0*a**3 + 0*a**3 - 276*a - 23*a**2. List the prime factors of l(-24).
3, 5, 13
What are the prime factors of (2/(-1))/(1015340/(-7105420) - 2/(-14))?
50753
Suppose 4*p = -7 + 3. Let g be (-962)/(-10) + p/5. Suppose 0 = -3*d + 6*h - 2*h + 141, 2*d - 2*h - g = 0. What are the prime factors of d?
3, 17
Let u(z) = 1 + 0 + 17 - 29*z - 83*z. Let f be u(-4). List the prime factors of (-2)/(-6) - f/(-6).
2, 3, 13
Suppose 7724843 - 4110560 = 228*g - 6657573. List the prime factors of g.
2, 7, 1609
Suppose 3776 - 26640 = -16*r. List the prime factors of r.
1429
Let w be (2/(-4))/((-10)/720). Suppose 0 = -2*v - 10*v + w. Suppose -4*f + 2*f - v*j + 424 = 0, 4*j - 426 = -2*f. List the prime factors of f.
11, 19
Let g(c) = -14*c + 5. Let n be g(3). Let b = n - -42. Suppose 5*f - k = 783, -f = -3*f - b*k + 324. List the prime factors of f.
157
Let a = -189 + 128. Let p = 65 + a. Suppose 5*o = 449 - p. What are the prime factors of o?
89
Suppose 0 = -3*r + 3*l + 18, 44*l - 41*l - 36 = -3*r. Let d(w) be the second derivative of w**3/6 + 15*w**2 + 2*w. List the prime factors of d(r).
3, 13
What are the prime factors of 35704/2*(-121)/(-484)?
4463
List the prime factors of -5*152/120*-4566 - 6.
2, 13, 139
What are the prime factors of 160/320 + 59842*(-1)/(-4)?
3, 4987
Let s(t) = t**2 + 4*t - 11. Let w = -90 - -90. Suppose w = -2*f + 25 - 1. What are the prime factors of s(f)?
181
Let d(f) = f + 12. Let m be d(-12). Suppose 13*r - 18*r - 245 = m. List the prime factors of (-2)/7 - 1729/r.
5, 7
Suppose -4*q = 7*n - 12*n - 6038, 2*n = 4. Let t = 20 - 8. Suppose t - q = -10*w. What are the prime factors of w?
2, 3, 5
Let x(u) = -u**3 + u**2 - 9*u - 4. Let h be x(-9). Suppose n - 2*s - h = 2*s, 0 = -4*n + s + 3488. What are the prime factors of n?
13, 67
Let a = 119443 + -56143. What are the prime factors of a?
2, 3, 5, 211
Suppose 19 = 6*i - 11. Suppose 2*v = 3*v - i. Suppose -6*d + 3*d + v*j = -257, d - 59 = -5*j. What are the prime factors of d?
79
Suppose -72400 = -39*a + 19*a. List the prime factors of a.
2, 5, 181
Suppose -25*y - 75003 + 853483 + 197220 = 0. What are the prime factors of y?
2, 11, 887
Suppose 0 = 3*i + 4*c - 4, 3*i - 16 = i + 4*c. Suppose -202 = -i*y - 46. Let h = 82 - y. What are the prime factors of h?
43
Suppose 5*x = x + r + 1559, -4*x = -3*r - 1565. Suppose -1599 = -3*t + 60. Let j = t - x. List the prime factors of j.
2, 41
List the prime factors of ((-412791)/45)/(-1) + (-2 - (-112)/60).
9173
Suppose -x + 3889 = 3*w - 669, -4*w - x + 6076 = 0. Suppose -6*i = -3*i + 12, 3*i = 3*r - w. What are the prime factors of r?
2, 251
Suppose -10*l = -9*l - 2. Let g(o) = -1 + o + 59*o**l - 5*o**2 - o. List the prime factors of g(-1).
53
Let u = 14047 - 4020. List the prime factors of u.
37, 271
Suppose u + o = 2503, -15*o + 13*o = 10. What are the prime factors of u?
2, 3, 11, 19
Let c(p) = 3190*p**2 - 375*p - 1508. What are the prime factors of c(-4)?
2, 6379
Let n = -232 - -287. Let o = n - -308. List the prime factors of o.
3, 11
Suppose 0*q + 3*s - 2379 = -3*q, 3*q = 5*s + 2395. Let i = 965 - q. What are the prime factors of i?
2, 5, 17
Let z = 262 + -82. Suppose -5*q - 325 - z = 0. Let d = q - -219. List the prime factors of d.
2, 59
Suppose 5*c - 2*p - 74 = 0, -c + 86 = 4*c + 2*p. Suppose m - c = -11. Suppose m*t = 25, -2*f + 41 = f - 5*t. What are the prime factors of f?
2, 11
Suppose -x + 6 = 4. Suppose -4*u = -2*q + 18, -x*u + 2*q - 7*q = 15. List the prime factors of 13 + u/(20/12).
2, 5
Let q(v) = -v**2 - 8*v - 10. Let l be q(-5). Suppose 9 = 2*j + l. What are the prime factors of 5/(15/213)*j?
2, 71
Suppose 47 = -9*f - 7. Let l(o) = -2*o - 12. Let b be l(f). Suppose b = 3*t - 51 - 102. List the prime factors of t.
3, 17
Let q = -260 + 392. Let l = q - 187. Let x = 38 - l. List the prime factors of x.
3, 31
Let x be 18961/21 + (-6)/(-63). Suppose -108*b + 105*b = -x. What are the prime factors of b?
7, 43
Let y = 9118 - 6202. Suppose -z + y = 3*z - u, -4*u = -2*z + 1472. What are the prime factors of z?
2, 7, 13
Suppose -72 + 26 = x. Let p = -46 - x. Suppose n = -4*c + 163 + 633, p = -3*n + 12. What are the prime factors of c?
2, 3, 11
Let m = -666 + 349. Let i = m - -531. What are the prime factors of i?
2, 107
Let i(l) = -l**2 - 2*l + 5. Let g = -13 + 10. Let t be i(g). Suppose 149 = 3*z - t*u, -2*z - z = -3*u - 150. What are the prime factors of z?
7
Let j(q) = -q**3 + 5*q**2 + 5*q + 11. Let i be j(6). Suppose i*h - 13*h + 2104 = 0. What are the prime factors of h?
263
Let u(p) = -19*p - 23. Let z(r) = 10*r**2 - 7*r + 6. Let c be z(1). Let x be u(c). Let v = x - -362. What are the prime factors of v?
2, 3, 7
Suppose -46*m - 16 = -50*m. Let w(c) = 332*c - 94. What are the prime factors of w(m)?
2, 617
Suppose -201807 - 169864 = -29*h + 1081403. List the prime factors of h.
2, 3, 7, 1193
Let x(b) = 33*b**2 + 43*b + 40. List the prime factors of x(11).
2, 3, 751
Let r be (0 - -2)/(1/1). Suppose 0 = 5*l - g - 9707 + 3671, -l - r*g = -1216. What are the prime factors of l?
2, 151
Suppose 11*b = 5*b + 30. Suppose 2*x = b*h + 266, -x + 0*h = 2*h - 124. What are the prime factors of (-6)/4*x/(-12)?
2
Suppose 2*i - 11934 = 4*v + 5208, -3*i - 5*v + 25658 = 0. List the prime factors of i.
7, 1223
Let v(c) = 84*c + 10. Let p(f) be the second derivative of 83*f**3/6 + 9*f**2/2 - 15*f. Let q(t) = -7*p(t) + 6*v(t). List the prime factors of q(-1).
2, 37
Suppose -28*j - 56 = 56. Let u(g) = -14*g**3 - 14*g**2 - 20*g + 6. List the prime factors of u(j).
2, 379
Suppose 2*j = -4*l - 2 + 4, 4 = -3*l + 4*j. Suppose 0 = -z - 0*b + b + 367, l = -4*b. Suppose -5*n + 363 = -z. List the prime factors of n.
2, 73
Suppose -32 = 3*q - 38. Let n(a) = 3*a**2 - 4*a + 2. Let v be n(q). Suppose -384 = v*l - 1080. What are the prime factors of l?
2, 29
Let r be ((-180)/(-25))/9*(435 + 0). Let m = 1335 - r. What are the prime factors of m?
3, 7, 47
Suppose -46*f = -43*f + 9. Let c be ((-3)/(-1) + f)/1. Suppose -2*o - 2*q = 5 - 19, -4*o - q + 43 = c. What are the prime factors of o?
2, 3
Suppose 2*r - 3532 = 1664. List the prime factors of r.
2, 3, 433
Let g = 38 + -33. Suppose 0 = -5*n - g*x + 35, 0 = n + 2*n + 5*x - 27. What are the prime factors of (-949)/(-13) + n/(3/(-3))?
3, 23
Suppose -19*t = -22*t + 15. Suppose 3*n + 2 = t*g, 3*n - 7*n + 8 = -4*g. Suppose 9*w + n = 24. List the prime factors of w.
2
Let h = 79 + -72. Suppose 0 = -4*o -